{"id":493,"date":"2024-08-30T16:12:54","date_gmt":"2024-08-30T14:12:54","guid":{"rendered":"https:\/\/braider.eu\/?post_type=product&#038;p=493"},"modified":"2024-08-30T16:13:51","modified_gmt":"2024-08-30T14:13:51","slug":"restia-ledge-170-x-75-cm-czarna","status":"publish","type":"product","link":"https:\/\/braider.eu\/en\/product\/restia-ledge-170-x-75-cm-czarna\/","title":{"rendered":"Restia Ledge 170 x 75 cm , czarna"},"content":{"rendered":"<p>Wanna wolnostoj\u0105ca przy\u015bcienna Restia LEDGE w rozmiarze 170 x 75 to po\u0142\u0105czenie funkcjonalno\u015bci i wyj\u0105tkowego asymetrycznego designu. Wykonana z wysokiej jako\u015bci p\u0142yty akrylowej wzmacnianej kilkoma warstwami w\u0142\u00f3kna szklanego z \u017cywic\u0105. Charakteryzuje si\u0119 mo\u017cliwo\u015bci\u0105 przystawienia ty\u0142em do \u015bciany co pozwala na znaczn\u0105 oszcz\u0119dno\u015b\u0107 miejsca w \u0142azience. Restia LEDGE wyr\u00f3\u017cnia si\u0119 swoj\u0105 form\u0105 w\u015br\u00f3d innych wanien przy\u015bciennych , oferuj\u0105c oryginalno\u015b\u0107 i niezapomniane doznania podczas relaksuj\u0105cych k\u0105pieli. \u00a0Wanna z czarn\u0105 obudow\u0105 i czarnym wn\u0119trzem. Posiada korek klik klak oraz syfon obrotowy z rur\u0105 odp\u0142ywow\u0105, system przelewowy wraz z chromowan\u0105 ozdobn\u0105 za\u015blepk\u0105.<\/p>","protected":false},"excerpt":{"rendered":"<p>Wanna wolnostoj\u0105ca przy\u015bcienna Restia Ledge w rozmiarze 170 x 75 z czarn\u0105 obudow\u0105 i czarnym wn\u0119trzem w komplecie z korkiem klik klak, syfonem niskoprofilowym obrotowym, rur\u0105 odp\u0142ywow\u0105 oraz systemem przelewowym z chromowan\u0105 za\u015blepk\u0105.<\/p>","protected":false},"featured_media":490,"comment_status":"closed","ping_status":"closed","template":"","meta":{"_acf_changed":false,"inline_featured_image":false},"product_cat":[18],"product_tag":[],"class_list":{"0":"post-493","1":"product","2":"type-product","3":"status-publish","4":"has-post-thumbnail","6":"product_cat-wanny-wolnostojace","8":"first","9":"instock","10":"shipping-taxable","11":"product-type-simple"},"acf":[],"_links":{"self":[{"href":"https:\/\/braider.eu\/en\/wp-json\/wp\/v2\/product\/493","targetHints":{"allow":["GET"]}}],"collection":[{"href":"https:\/\/braider.eu\/en\/wp-json\/wp\/v2\/product"}],"about":[{"href":"https:\/\/braider.eu\/en\/wp-json\/wp\/v2\/types\/product"}],"replies":[{"embeddable":true,"href":"https:\/\/braider.eu\/en\/wp-json\/wp\/v2\/comments?post=493"}],"wp:featuredmedia":[{"embeddable":true,"href":"https:\/\/braider.eu\/en\/wp-json\/wp\/v2\/media\/490"}],"wp:attachment":[{"href":"https:\/\/braider.eu\/en\/wp-json\/wp\/v2\/media?parent=493"}],"wp:term":[{"taxonomy":"product_cat","embeddable":true,"href":"https:\/\/braider.eu\/en\/wp-json\/wp\/v2\/product_cat?post=493"},{"taxonomy":"product_tag","embeddable":true,"href":"https:\/\/braider.eu\/en\/wp-json\/wp\/v2\/product_tag?post=493"}],"curies":[{"name":"wp","href":"https:\/\/api.w.org\/{rel}","templated":true}]}}

<p>Wanna wolnostojąca przyścienna Restia LEDGE w rozmiarze 170 x 75 to połączenie funkcjonalności i wyjątkowego asymetrycznego designu. Wykonana z wysokiej jakości płyty akrylowej wzmacnianej kilkoma warstwami włókna szklanego z żywicą. Charakteryzuje się możliwością przystawienia tyłem do ściany co pozwala na znaczną oszczędność miejsca w łazience. Restia LEDGE wyróżnia się swoją formą wśród innych wanien przyściennych , oferując oryginalność i niezapomniane doznania podczas relaksujących kąpieli.  Wanna z czarną obudową i czarnym wnętrzem. Posiada korek klik klak oraz syfon obrotowy z rurą odpływową, system przelewowy wraz z chromowaną ozdobną zaślepką.</p>

<p>Wanna wolnostojąca przyścienna Restia Ledge w rozmiarze 170 x 75 z czarną obudową i czarnym wnętrzem w komplecie z korkiem klik klak, syfonem niskoprofilowym obrotowym, rurą odpływową oraz systemem przelewowym z chromowaną zaślepką.</p>
